{"id":1018,"date":"2025-02-12T08:54:07","date_gmt":"2025-02-12T08:54:07","guid":{"rendered":"https:\/\/cm-mullon.fr\/?page_id=1018"},"modified":"2026-01-09T14:40:15","modified_gmt":"2026-01-09T14:40:15","slug":"desequilibre-et-cupidite","status":"publish","type":"page","link":"https:\/\/cm-mullon.fr\/index.php\/essais\/desequilibre-et-cupidite\/","title":{"rendered":"D\u00e9s\u00e9quilibre et cupidit\u00e9"},"content":{"rendered":"<div style=\"width: 100%; max-width: 1200px; margin: auto;\">\n    <div class=\"_df_book df-lite\" id=\"df_1154\"  _slug=\"desequilibre-et-cupidite\" data-title=\"desequilibre-et-cupidite\" wpoptions=\"true\" thumb=\"https:\/\/cm-mullon.fr\/wp-content\/uploads\/2025\/02\/ronis-scaled.jpg\" thumbtype=\"\" ><\/div><script class=\"df-shortcode-script\" nowprocket type=\"application\/javascript\">window.option_df_1154 = {\"outline\":[],\"autoEnableOutline\":\"false\",\"autoEnableThumbnail\":\"false\",\"overwritePDFOutline\":\"false\",\"direction\":\"1\",\"pageSize\":\"0\",\"soundEnable\":\"false\",\"source\":\"https:\\\/\\\/cm-mullon.fr\\\/wp-content\\\/uploads\\\/2026\\\/01\\\/JW.pdf\",\"wpOptions\":\"true\"}; if(window.DFLIP && window.DFLIP.parseBooks){window.DFLIP.parseBooks();}<\/script> <!-- Ins\u00e9rez votre shortcode DearFlip ici -->\n<\/div>\n\n\n\n<p><\/p>\n","protected":false},"excerpt":{"rendered":"","protected":false},"author":1,"featured_media":0,"parent":1029,"menu_order":28,"comment_status":"open","ping_status":"closed","template":"","meta":{"footnotes":""},"class_list":["post-1018","page","type-page","status-publish"],"_links":{"self":[{"href":"https:\/\/cm-mullon.fr\/index.php\/wp-json\/wp\/v2\/pages\/1018","targetHints":{"allow":["GET"]}}],"collection":[{"href":"https:\/\/cm-mullon.fr\/index.php\/wp-json\/wp\/v2\/pages"}],"about":[{"href":"https:\/\/cm-mullon.fr\/index.php\/wp-json\/wp\/v2\/types\/page"}],"author":[{"embeddable":true,"href":"https:\/\/cm-mullon.fr\/index.php\/wp-json\/wp\/v2\/users\/1"}],"replies":[{"embeddable":true,"href":"https:\/\/cm-mullon.fr\/index.php\/wp-json\/wp\/v2\/comments?post=1018"}],"version-history":[{"count":8,"href":"https:\/\/cm-mullon.fr\/index.php\/wp-json\/wp\/v2\/pages\/1018\/revisions"}],"predecessor-version":[{"id":1442,"href":"https:\/\/cm-mullon.fr\/index.php\/wp-json\/wp\/v2\/pages\/1018\/revisions\/1442"}],"up":[{"embeddable":true,"href":"https:\/\/cm-mullon.fr\/index.php\/wp-json\/wp\/v2\/pages\/1029"}],"wp:attachment":[{"href":"https:\/\/cm-mullon.fr\/index.php\/wp-json\/wp\/v2\/media?parent=1018"}],"curies":[{"name":"wp","href":"https:\/\/api.w.org\/{rel}","templated":true}]}}